se 8
12054243
29cb85 (base 16) to base 5
1200122302
20a53b (base 15) to base 2
101111011010100010001
-2001121002102 (base 3) to base 4
-10023022112
Convert 514325 (base 6) to base 15.
c2e5
Convert 1c9b48 (base 15) to base 3.
2122010011012
Convert -112102545 (base 6) to base 14.
-3b92a5
-35999 (base 11) to base 15
-1051a
Convert -26d286 (base 15) to base 3.
-10111211222100
Convert -101110001010100011010 (base 2) to base 16.
-17151a
-5635235 (base 7) to base 6
-22544025
What is -24f5a3 (base 16) in base 13?
-66a656
Convert 10020111220 (base 3) to base 10.
63798
Convert 23014154 (base 7) to base 14.
3a23d4
What is 11101424300 (base 5) in base 13?
2690543
Convert 1117213 (base 8) to base 9.
511237
What is -1323211 (base 4) in base 6?
-100341
Convert 5029fe (base 16) to base 14.
9aa834
-8a8383 (base 13) to base 5
-1314233034
What is -16701 (base 16) in base 14?
-256c9
-9325707 (base 11) to base 13
-3545b10
-586915 (base 12) to base 5
-330443404
-10010111110000110000110 (base 2) to base 14
-936418
Convert 664833 (base 10) to base 12.
2808a9
67823 (base 16) to base 3
210112120122
Convert -158489 (base 10) to base 6.
-3221425
Convert 5115333 (base 7) to base 16.
94c3b
21111212011 (base 4) to base 8
11254605
Convert -77a79 (base 12) to base 8.
-466075
1322450 (base 7) to base 13
61145
6848375 (base 9) to base 12
12a1495
What is 46550 (base 10) in base 2?
1011010111010110
Convert 1a4224 (base 11) to base 2.
1001100011011011101
What is 20240410 (base 5) in base 12?
7b669
Convert 18b4a (base 14) to base 7.
350323
-41597 (base 15) to base 14
-556bc
Convert 7568 (base 11) to base 12.
5950
What is 1386282 (base 9) in base 10?
765686
220213231 (base 4) to base 14
448c5
Convert 1212110212 (base 3) to base 2.
1000111110111101
What is 100100101011000000 (base 2) in base 6?
3115224
What is -14044026 (base 10) in base 5?
-12043402101
What is -1101110000000111100 (base 2) in base 10?
-450620
Convert 10110110101101101011 (base 2) to base 6.
24012443
Convert 72696 (base 16) to base 8.
1623226
Convert -1244414302 (base 5) to base 16.
-2fa785
22434140 (base 5) to base 12
99184
Convert 12044142 (base 7) to base 13.
2b5c99
-11220433031 (base 5) to base 8
-60254050
Convert -22311102313 (base 4) to base 9.
-5307341
542422243 (base 6) to base 10
9645363
236a847 (base 11) to base 6
224253110
What is 534554 (base 6) in base 11?
2aa40
Convert 104412 (base 10) to base 12.
50510
-25065 (base 13) to base 6
-1243410
Convert 13730447 (base 8) to base 9.
5783385
12072463 (base 8) to base 2
1010000111010100110011
Convert 1444043 (base 6) to base 12.
40623
Convert 4b5645 (base 12) to base 15.
1954db
Convert -537161 (base 8) to base 6.
-3504305
-22632634 (base 7) to base 6
-110403334
Convert 1010100021001 (base 3) to base 5.
123102431
358675 (base 11) to base 5
121132224
What is 144264 (base 7) in base 9?
42270
What is 201576 (base 9) in base 6?
2320153
What is -531034443 (base 6) in base 9?
-18427670
-348082 (base 9) to base 7
-1531124
Convert -1becd5 (base 16) to base 10.
-1830101
3020401 (base 5) to base 3
2110011011
What is 11021210010121 (base 3) in base 4?
20230120213
Convert 4331240 (base 7) to base 4.
2001010301
What is -5b90c (base 14) in base 12?
-a97a0
Convert 23344103 (base 6) to base 9.
1331313
What is -11a869 (base 11) in base 8?
-563135
What is 157638 (base 10) in base 11?
a8488
What is 194599 (base 11) in base 10?
298857
What is -101101001100111011 (base 2) in base 6?
-3545055
2a9b185 (base 12) to base 15
b62b45
Convert 3bc8 (base 14) to base 12.
6144
10001000021 (base 3) to base 7
336205
Convert -1260 (base 13) to base 5.
-40423
What is -14031401 (base 5) in base 8?
-426606
What is 311113030 (base 4) in base 16?
355cc
What is -1434220 (base 5) in base 16?
-7760
63363014 (base 7) to base 4
110130213020
What is 11100122011120 (base 3) in base 4?
20311102203
-178a717 (base 11) to base 16
-2e3ccd
27509 (base 11) to base 13
14b05
Convert a87b03 (base 15) to base 16.
7a7315
Convert 200110101012 (base 3) to base 4.
1120230311
-4133b4 (base 12) to base 9
-1826601
2075074 (base 9) to base 14
20d61b
-1587129 (base 10) to base 2
-110000011011110111001
What is 9bd7a4 (base 15) in base 11?
421a467
What is 269516 (base 10) in base 7?
2201522
Convert 129995 (base 12) to base 15.
61095
What is -1001000100211 (base 3) in base 7?
-4454356
-287c8 (base 15) to base 13
-47240
131906 (base 12) to base 9
527736
What is -2334604 (base 7) in base 6?
-10151504
Convert -121102101200221 (base 3) to base 12.
-2b0a68a
-47cb7 (base 13) to base 14
-36065
What is -3470bb (base 16) in base 10?
-3436731
Convert 11236210 (base 7) to base 3.
1212000000211
Convert 13107633 (base 8) to base 7.
33552063
101001010011111000 (base 2) to base 13
5c030
What is -19c9 (base 16) in base 4?
-1213021
What is b5867 (base 16) in base 13?
200575
-250117 (base 10) to base 13
-89aca
-203464364 (base 7) to base 8
-55512464
1012231222 (base 4) to base 14
777aa
Convert -31321221 (base 4) to base 8.
-157151
372835 (base 15) to base 12
a744b8
What is 2221011110 (base 3) in base 8?
160557
What is 21232033 (base 5) in base 2?
101100000000101100
Convert 15157365 (base 9) to base 5.
3412144213
-23413 (base 15) to base 6
-2223513
-76639 (base 14) to base 11
-186369
What is 1a192c (base 13) in base 2?
10100001010010110011
-65a6dd (base 14) to base 13
-939451
What is -153113 (base 9) in base 11?
-647a7
What is 8a35 (base 12) in base 8?
35711
Convert -218536 (base 11) to base 15.
-6d1c5
What is -25b4874 (base 12) in base 6?
-423421424
-a94bb (base 13) to base 4
-1022300211
Convert -387922 (base 10) to base 14.
-a152a
What is 128036 (base 9) in base 13?
2969a
-37b9b (base 12) to base 7
-434411
Convert 12113113 (base 5) to base 4.
123231331
110221230 (base 6) to base 8
7427222
27091 (base 14) to base 2
10111011110100111
What is 100000102111 (base 3) in base 5?
21134312
What is 375305 (base 8) in base 3?
20120221221
-6c985 (base 14) to base 10
-265305
What is -18684467 (base 9) in base 2?
-100100000001110011100100
Convert -236136 (base 10) to base 6.
-5021120
What is 1834216 (base 9) in base 12?
416129
-13133321300 (base 4) to base 12
-7a9668
Convert -a9b03 (base 12) to base 5.
-24140444
What is 550114 (base 9) in base 11?
2045a3
What is -82487 (base 13) in base 14?
-61229
Convert 2442114013 (base 5) to base 16.
58c1b6
What is -1a1c88 (base 16) in base 14?
-3278b6
Convert 305828 (base 13) to base 10.
1126250
3550504 (base 6) to base 15
39e77
Convert -2727331 (base 8) to base 11.
-483282
Convert 1585d (base 15) to base 11.
48150
What is 32011234 (base 6) in base 8?
3441506
2201431212 (base 5) to base 6
245041042
Convert b996 (base 13) to base 16.
64d3
What is -102615 (base 15) in base 13?
-20b451
Convert -462513 (base 8) to base 10.
-157003
What is 4031122403 (base 5) in base 11?
4610034
-14010 (base 11) to base 16
-4e08
Convert 21020221012 (base 3) to base 13.
50024
210110200010 (base 3) to base 13
11a462
Convert 1258845 (base 14) to base 8.
41514155
Convert -332012213132 (base 4) to base 8.
-76064736
Convert -22210000001120 (base 3) to base 13.
-c74406
Convert -91586 (base 14) to base 2.
-1010101010110010010
Convert -13013300113 (base 4) to base 8.
-7076027
Convert 170a52 (base 14) to base 5.
201340033
-4330521 (base 9) to base 12
-94040a
32143040 (base 5) to base 6
5453341
What is 1201022222 (base 3) in base 8?
101760
-8b43 (base 14) to base 15
-7262
Convert -8c731b (base 13) to base 10.
-3328986
1101000010010100110001 (base 2) to base 3
20102121210010
Convert 6206432 (base 8) to base 16.
190d1a
Convert 10021424 (base 5) to base 2.
10011011011111110
What is -7167c (base 15) in base 13?
-c7671
-295d2 (base 15) to base 2
-100000011101010011
What is 211a546 (base 11) in base 5?
1423422104
-10222005 (base 7) to base 8
-3224672
-194201 (base 10) to base 5
-22203301
What is -1c2f90 (base 16) in base 13?
-4c8a11
Convert 1010120002212 (base 3) to base 4.
2102312132
Convert -eb8134 (base 15) to base 10.
-11215399
Convert -40076 (base 15) to base 14.
-53ba3
What is 134b84 (base 14) in base 12?
281728
22211020201 (base 4) to base 9
5186517
104404401 (base 5) to base 15
9321b
Convert -267416 (base 8) to base 9.
-152806
593b0d (base 16) to base 4
112103230031
Convert -406183 (base 10) to base 4.
-1203022213
Convert 441102134 (base 5) to base 4.